{"id":11,"date":"2019-12-28T17:08:05","date_gmt":"2019-12-28T16:08:05","guid":{"rendered":"http:\/\/hudikbrod.se\/cms\/?page_id=11"},"modified":"2025-09-28T11:45:49","modified_gmt":"2025-09-28T09:45:49","slug":"produkte","status":"publish","type":"page","link":"https:\/\/hudikbrod.se\/?page_id=11","title":{"rendered":"Produkter"},"content":{"rendered":"\n<div class=\"wp-block-columns is-layout-flex wp-container-core-columns-is-layout-9d6595d7 wp-block-columns-is-layout-flex\">\n<div class=\"wp-block-column is-layout-flow wp-block-column-is-layout-flow\" style=\"flex-basis:80%\">\n<h2 class=\"wp-block-heading\"> <strong>Surdegsbr\u00f6d<\/strong> <\/h2>\n\n\n\n<div class=\"wp-block-columns is-layout-flex wp-container-core-columns-is-layout-9d6595d7 wp-block-columns-is-layout-flex\">\n<div class=\"wp-block-column is-layout-flow wp-block-column-is-layout-flow\">\n<figure class=\"wp-block-image size-large\"><a href=\"https:\/\/hudikbrod.se\/?page_id=233\"><img loading=\"lazy\" decoding=\"async\" width=\"213\" height=\"160\" src=\"https:\/\/hudikbrod.se\/wp-content\/uploads\/2022\/07\/Levain-\u00f6ppen-till-hemsidan-avl\u00e5ng.png\" alt=\"\" class=\"wp-image-1245\"\/><\/a><\/figure>\n\n\n\n<p> <a href=\"https:\/\/hudikbrod.se\/?page_id=233\">Levain<\/a> <\/p>\n<\/div>\n\n\n\n<div class=\"wp-block-column is-layout-flow wp-block-column-is-layout-flow\">\n<figure class=\"wp-block-image size-large\"><a href=\"https:\/\/hudikbrod.se\/?page_id=236\"><img loading=\"lazy\" decoding=\"async\" width=\"200\" height=\"200\" src=\"https:\/\/hudikbrod.se\/wp-content\/uploads\/2021\/03\/LB-mini.jpg\" alt=\"Lantbr\u00f6d\" class=\"wp-image-922\" srcset=\"https:\/\/hudikbrod.se\/wp-content\/uploads\/2021\/03\/LB-mini.jpg 200w, https:\/\/hudikbrod.se\/wp-content\/uploads\/2021\/03\/LB-mini-150x150.jpg 150w\" sizes=\"auto, (max-width: 200px) 100vw, 200px\" \/><\/a><\/figure>\n\n\n\n<p><a href=\"https:\/\/hudikbrod.se\/?page_id=236\">K\u00e4rleksbr\u00f6d<\/a><\/p>\n<\/div>\n\n\n\n<div class=\"wp-block-column is-layout-flow wp-block-column-is-layout-flow\">\n<figure class=\"wp-block-image size-large\"><a href=\"https:\/\/hudikbrod.se\/?page_id=238\"><img loading=\"lazy\" decoding=\"async\" width=\"200\" height=\"200\" src=\"https:\/\/hudikbrod.se\/wp-content\/uploads\/2020\/06\/HudikSol01_thumb.jpg\" alt=\"Hudik Sol\" class=\"wp-image-559\" srcset=\"https:\/\/hudikbrod.se\/wp-content\/uploads\/2020\/06\/HudikSol01_thumb.jpg 200w, https:\/\/hudikbrod.se\/wp-content\/uploads\/2020\/06\/HudikSol01_thumb-150x150.jpg 150w\" sizes=\"auto, (max-width: 200px) 100vw, 200px\" \/><\/a><\/figure>\n\n\n\n<p> <a href=\"https:\/\/hudikbrod.se\/?page_id=238\">Hudik Sol<\/a> <\/p>\n<\/div>\n<\/div>\n\n\n\n<div class=\"wp-block-columns is-layout-flex wp-container-core-columns-is-layout-9d6595d7 wp-block-columns-is-layout-flex\">\n<div class=\"wp-block-column is-layout-flow wp-block-column-is-layout-flow\">\n<figure class=\"wp-block-image size-large\"><a href=\"https:\/\/hudikbrod.se\/?page_id=240\"><img loading=\"lazy\" decoding=\"async\" width=\"200\" height=\"200\" src=\"https:\/\/hudikbrod.se\/wp-content\/uploads\/2020\/06\/Fruktn\u00f6tbr\u00f6d01_thumb.jpg\" alt=\"Fruktn\u00f6dbr\u00f6d\" class=\"wp-image-479\" srcset=\"https:\/\/hudikbrod.se\/wp-content\/uploads\/2020\/06\/Fruktn\u00f6tbr\u00f6d01_thumb.jpg 200w, https:\/\/hudikbrod.se\/wp-content\/uploads\/2020\/06\/Fruktn\u00f6tbr\u00f6d01_thumb-150x150.jpg 150w\" sizes=\"auto, (max-width: 200px) 100vw, 200px\" \/><\/a><\/figure>\n\n\n\n<p><a href=\"https:\/\/hudikbrod.se\/?page_id=240\">Fruktn\u00f6tbr\u00f6d<\/a> <\/p>\n<\/div>\n\n\n\n<div class=\"wp-block-column is-layout-flow wp-block-column-is-layout-flow\">\n<figure class=\"wp-block-image size-large\"><a href=\"https:\/\/hudikbrod.se\/?page_id=242\"><img loading=\"lazy\" decoding=\"async\" width=\"200\" height=\"200\" src=\"https:\/\/hudikbrod.se\/wp-content\/uploads\/2021\/03\/Valn\u00f6tsbr\u00f6d-mini.jpg\" alt=\"Valn\u00f6tsbr\u00f6d\" class=\"wp-image-934\" srcset=\"https:\/\/hudikbrod.se\/wp-content\/uploads\/2021\/03\/Valn\u00f6tsbr\u00f6d-mini.jpg 200w, https:\/\/hudikbrod.se\/wp-content\/uploads\/2021\/03\/Valn\u00f6tsbr\u00f6d-mini-150x150.jpg 150w\" sizes=\"auto, (max-width: 200px) 100vw, 200px\" \/><\/a><\/figure>\n\n\n\n<p><a href=\"https:\/\/hudikbrod.se\/?page_id=242\">Valn\u00f6tsbr\u00f6d<\/a> <\/p>\n<\/div>\n\n\n\n<div class=\"wp-block-column is-layout-flow wp-block-column-is-layout-flow\">\n<figure class=\"wp-block-image size-large\"><a href=\"https:\/\/hudikbrod.se\/?page_id=244\"><img loading=\"lazy\" decoding=\"async\" width=\"200\" height=\"200\" src=\"https:\/\/hudikbrod.se\/wp-content\/uploads\/2020\/06\/Gardsbrod01_thumb.jpg\" alt=\"G\u00e5rdsbr\u00f6d\" class=\"wp-image-563\" srcset=\"https:\/\/hudikbrod.se\/wp-content\/uploads\/2020\/06\/Gardsbrod01_thumb.jpg 200w, https:\/\/hudikbrod.se\/wp-content\/uploads\/2020\/06\/Gardsbrod01_thumb-150x150.jpg 150w\" sizes=\"auto, (max-width: 200px) 100vw, 200px\" \/><\/a><\/figure>\n\n\n\n<p> <a href=\"https:\/\/hudikbrod.se\/?page_id=244\">G\u00e5rdsbr\u00f6d<\/a> <\/p>\n<\/div>\n<\/div>\n\n\n\n<div class=\"wp-block-columns is-layout-flex wp-container-core-columns-is-layout-9d6595d7 wp-block-columns-is-layout-flex\">\n<div class=\"wp-block-column is-layout-flow wp-block-column-is-layout-flow\">\n<figure class=\"wp-block-image size-large\"><a href=\"https:\/\/hudikbrod.se\/?page_id=246\"><img loading=\"lazy\" decoding=\"async\" width=\"200\" height=\"200\" src=\"https:\/\/hudikbrod.se\/wp-content\/uploads\/2020\/06\/DansktR\u00e5gbr\u00f6d01_thumb.jpg\" alt=\"Danskt R\u00e5gbr\u00f6d\" class=\"wp-image-565\" srcset=\"https:\/\/hudikbrod.se\/wp-content\/uploads\/2020\/06\/DansktR\u00e5gbr\u00f6d01_thumb.jpg 200w, https:\/\/hudikbrod.se\/wp-content\/uploads\/2020\/06\/DansktR\u00e5gbr\u00f6d01_thumb-150x150.jpg 150w\" sizes=\"auto, (max-width: 200px) 100vw, 200px\" \/><\/a><\/figure>\n\n\n\n<p> <a href=\"https:\/\/hudikbrod.se\/?page_id=246\">Danskt r\u00e5gbr\u00f6d<\/a> <\/p>\n<\/div>\n\n\n\n<div class=\"wp-block-column is-layout-flow wp-block-column-is-layout-flow\">\n<figure class=\"wp-block-image size-large\"><a href=\"https:\/\/hudikbrod.se\/?page_id=1568\"><img loading=\"lazy\" decoding=\"async\" width=\"2560\" height=\"1920\" src=\"https:\/\/hudikbrod.se\/wp-content\/uploads\/2021\/01\/Ny\u00e5rsl\u00f6ftet-jan-2021-scaled.jpg\" alt=\"\" class=\"wp-image-864\" srcset=\"https:\/\/hudikbrod.se\/wp-content\/uploads\/2021\/01\/Ny\u00e5rsl\u00f6ftet-jan-2021-scaled.jpg 2560w, https:\/\/hudikbrod.se\/wp-content\/uploads\/2021\/01\/Ny\u00e5rsl\u00f6ftet-jan-2021-300x225.jpg 300w\" sizes=\"auto, (max-width: 2560px) 100vw, 2560px\" \/><\/a><\/figure>\n\n\n\n<p><a href=\"https:\/\/hudikbrod.se\/?page_id=1568\">Honungslimpa<\/a><\/p>\n<\/div>\n\n\n\n<div class=\"wp-block-column is-layout-flow wp-block-column-is-layout-flow\"><\/div>\n<\/div>\n\n\n\n<div style=\"height:20px\" aria-hidden=\"true\" class=\"wp-block-spacer\"><\/div>\n\n\n\n<h2 class=\"wp-block-heading\"> <strong>Kaffebr\u00f6d<\/strong> <\/h2>\n\n\n\n<div class=\"wp-block-columns is-layout-flex wp-container-core-columns-is-layout-9d6595d7 wp-block-columns-is-layout-flex\">\n<div class=\"wp-block-column is-layout-flow wp-block-column-is-layout-flow\">\n<figure class=\"wp-block-image size-large\"><a href=\"https:\/\/hudikbrod.se\/?page_id=583\"><img loading=\"lazy\" decoding=\"async\" width=\"200\" height=\"200\" src=\"https:\/\/hudikbrod.se\/wp-content\/uploads\/2020\/06\/Toscakaka_01_thumb.jpg\" alt=\"Toscakaka\" class=\"wp-image-590\" srcset=\"https:\/\/hudikbrod.se\/wp-content\/uploads\/2020\/06\/Toscakaka_01_thumb.jpg 200w, https:\/\/hudikbrod.se\/wp-content\/uploads\/2020\/06\/Toscakaka_01_thumb-150x150.jpg 150w\" sizes=\"auto, (max-width: 200px) 100vw, 200px\" \/><\/a><\/figure>\n\n\n\n<p><a href=\"https:\/\/hudikbrod.se\/?page_id=844\">Toscakaka<\/a> <\/p>\n<\/div>\n\n\n\n<div class=\"wp-block-column is-layout-flow wp-block-column-is-layout-flow\">\n<figure class=\"wp-block-image size-large\"><a href=\"https:\/\/hudikbrod.se\/?page_id=844\"><img loading=\"lazy\" decoding=\"async\" width=\"200\" height=\"200\" src=\"https:\/\/hudikbrod.se\/wp-content\/uploads\/2021\/01\/appelpirogmini.jpg\" alt=\"\u00c4ppelpirog\" class=\"wp-image-848\" srcset=\"https:\/\/hudikbrod.se\/wp-content\/uploads\/2021\/01\/appelpirogmini.jpg 200w, https:\/\/hudikbrod.se\/wp-content\/uploads\/2021\/01\/appelpirogmini-150x150.jpg 150w\" sizes=\"auto, (max-width: 200px) 100vw, 200px\" \/><\/a><\/figure>\n\n\n\n<p><a href=\"https:\/\/hudikbrod.se\/?page_id=844\">\u00c4ppelpirog<\/a> <\/p>\n<\/div>\n\n\n\n<div class=\"wp-block-column is-layout-flow wp-block-column-is-layout-flow\">\n<figure class=\"wp-block-image size-large\"><a href=\"https:\/\/hudikbrod.se\/?page_id=1325\"><img loading=\"lazy\" decoding=\"async\" width=\"200\" height=\"200\" src=\"https:\/\/hudikbrod.se\/wp-content\/uploads\/2022\/11\/Julstolle-2021-thumbnail.jpg\" alt=\"\" class=\"wp-image-1329\" srcset=\"https:\/\/hudikbrod.se\/wp-content\/uploads\/2022\/11\/Julstolle-2021-thumbnail.jpg 200w, https:\/\/hudikbrod.se\/wp-content\/uploads\/2022\/11\/Julstolle-2021-thumbnail-150x150.jpg 150w\" sizes=\"auto, (max-width: 200px) 100vw, 200px\" \/><\/a><\/figure>\n\n\n\n<p><a href=\"https:\/\/hudikbrod.se\/?page_id=1325\">Stollen<\/a><\/p>\n<\/div>\n<\/div>\n\n\n\n<div style=\"height:20px\" aria-hidden=\"true\" class=\"wp-block-spacer\"><\/div>\n\n\n\n<h2 class=\"wp-block-heading\"> <strong>Glutenfritt<\/strong> <\/h2>\n\n\n\n<p>I v\u00e5r separata glutenfribakstuga bakar vi flera sorters surdegsbr\u00f6d av naturligt glutenfria r\u00e5varor. De \u00e4r \u00e4ven mj\u00f6lkfria.<\/p>\n\n\n\n<div class=\"wp-block-columns is-layout-flex wp-container-core-columns-is-layout-9d6595d7 wp-block-columns-is-layout-flex\">\n<div class=\"wp-block-column is-layout-flow wp-block-column-is-layout-flow\">\n<figure class=\"wp-block-image size-large\"><a href=\"https:\/\/hudikbrod.se\/?page_id=1216\"><img loading=\"lazy\" decoding=\"async\" width=\"200\" height=\"200\" src=\"https:\/\/hudikbrod.se\/wp-content\/uploads\/2022\/07\/SF-till-hemsidan.jpg\" alt=\"\" class=\"wp-image-1215\" srcset=\"https:\/\/hudikbrod.se\/wp-content\/uploads\/2022\/07\/SF-till-hemsidan.jpg 200w, https:\/\/hudikbrod.se\/wp-content\/uploads\/2022\/07\/SF-till-hemsidan-150x150.jpg 150w\" sizes=\"auto, (max-width: 200px) 100vw, 200px\" \/><\/a><\/figure>\n\n\n\n<p><a href=\"https:\/\/hudikbrod.se\/?page_id=1216\">Glutenfritt solros-fruktbr\u00f6d<\/a><\/p>\n<\/div>\n\n\n\n<div class=\"wp-block-column is-layout-flow wp-block-column-is-layout-flow\">\n<figure class=\"wp-block-image size-large\"><a href=\"https:\/\/hudikbrod.se\/?page_id=1218\"><img loading=\"lazy\" decoding=\"async\" width=\"281\" height=\"211\" src=\"https:\/\/hudikbrod.se\/wp-content\/uploads\/2022\/07\/Gf-FN-till-hemsidan-avl\u00e5ng.jpg\" alt=\"\" class=\"wp-image-1219\"\/><\/a><\/figure>\n\n\n\n<p><a href=\"https:\/\/hudikbrod.se\/?page_id=1218\">Glutenfritt fruktn\u00f6tbr\u00f6d<\/a><\/p>\n<\/div>\n\n\n\n<div class=\"wp-block-column is-layout-flow wp-block-column-is-layout-flow\">\n<figure class=\"wp-block-image size-large\"><a href=\"https:\/\/hudikbrod.se\/?page_id=1221\"><img loading=\"lazy\" decoding=\"async\" width=\"200\" height=\"200\" src=\"https:\/\/hudikbrod.se\/wp-content\/uploads\/2022\/07\/Gf-morot-till-hemsidan-avl\u00e5ng.jpg\" alt=\"\" class=\"wp-image-1222\" srcset=\"https:\/\/hudikbrod.se\/wp-content\/uploads\/2022\/07\/Gf-morot-till-hemsidan-avl\u00e5ng.jpg 200w, https:\/\/hudikbrod.se\/wp-content\/uploads\/2022\/07\/Gf-morot-till-hemsidan-avl\u00e5ng-150x150.jpg 150w\" sizes=\"auto, (max-width: 200px) 100vw, 200px\" \/><\/a><\/figure>\n\n\n\n<p><a href=\"https:\/\/hudikbrod.se\/?page_id=1221\">Andra glutenfria br\u00f6d<\/a><\/p>\n<\/div>\n<\/div>\n<\/div>\n\n\n\n<div class=\"wp-block-column is-layout-flow wp-block-column-is-layout-flow\" style=\"flex-basis:20%\">\n<p class=\"has-larger-font-size\"><strong>\u00d6versikt<\/strong><\/p>\n\n\n\n<div style=\"height:20px\" aria-hidden=\"true\" class=\"wp-block-spacer\"><\/div>\n\n\n\n<p><strong>Matbr\u00f6d<\/strong><\/p>\n\n\n\n<p><a href=\"https:\/\/hudikbrod.se\/?page_id=233\">Levain<\/a><\/p>\n\n\n\n<p><a href=\"https:\/\/hudikbrod.se\/?page_id=236\">K\u00e4rleksbr\u00f6d<\/a><\/p>\n\n\n\n<p><a href=\"https:\/\/hudikbrod.se\/?page_id=238\">Hudik Sol<\/a><\/p>\n\n\n\n<p><a href=\"https:\/\/hudikbrod.se\/?page_id=240\">Fruktn\u00f6tbr\u00f6d<\/a><\/p>\n\n\n\n<p><a href=\"https:\/\/hudikbrod.se\/?page_id=242\">Valn\u00f6tsbr\u00f6d<\/a><\/p>\n\n\n\n<p><a href=\"https:\/\/hudikbrod.se\/?page_id=244\">G\u00e5rdsbr\u00f6d<\/a><\/p>\n\n\n\n<p><a href=\"https:\/\/hudikbrod.se\/?page_id=246\">Danskt r\u00e5gbr\u00f6d<\/a><\/p>\n\n\n\n<p><a href=\"https:\/\/hudikbrod.se\/?page_id=981\" data-type=\"page\" data-id=\"981\">V\u00e4sterbotting<\/a><\/p>\n\n\n\n<p><a href=\"https:\/\/hudikbrod.se\/?page_id=1235\" data-type=\"page\" data-id=\"1235\">Sommarbr\u00f6d<\/a><\/p>\n\n\n\n<p><a href=\"https:\/\/hudikbrod.se\/?page_id=1568\" data-type=\"page\" data-id=\"1568\">Honungslimpa<\/a><\/p>\n\n\n\n<div style=\"height:40px\" aria-hidden=\"true\" class=\"wp-block-spacer\"><\/div>\n\n\n\n<p><strong>Kaffebr\u00f6d<\/strong><\/p>\n\n\n\n<p><a href=\"https:\/\/hudikbrod.se\/?page_id=583\">Toscakaka<\/a><\/p>\n\n\n\n<p><a href=\"https:\/\/hudikbrod.se\/?page_id=844\">\u00c4ppelpirog<\/a><\/p>\n\n\n\n<p>Honungsmazarin<\/p>\n\n\n\n<div style=\"height:40px\" aria-hidden=\"true\" class=\"wp-block-spacer\"><\/div>\n\n\n\n<p><strong>Glutenfritt<\/strong><\/p>\n\n\n\n<p><a href=\"https:\/\/hudikbrod.se\/?page_id=1216\">Gf solros-fruktbr\u00f6d<\/a><\/p>\n\n\n\n<p><a href=\"https:\/\/hudikbrod.se\/?page_id=1218\">Gf fruktn\u00f6tbr\u00f6d<\/a><\/p>\n\n\n\n<p><a href=\"https:\/\/hudikbrod.se\/?page_id=1221\">Andra glutenfria br\u00f6d<\/a><\/p>\n<\/div>\n<\/div>\n\n\n\n<p><\/p>\n","protected":false},"excerpt":{"rendered":"<p>Surdegsbr\u00f6d Levain K\u00e4rleksbr\u00f6d Hudik Sol Fruktn\u00f6tbr\u00f6d Valn\u00f6tsbr\u00f6d G\u00e5rdsbr\u00f6d Danskt r\u00e5gbr\u00f6d Honungslimpa Kaffebr\u00f6d Toscakaka \u00c4ppelpirog Stollen Glutenfritt I v\u00e5r separata glutenfribakstuga bakar vi flera sorters surdegsbr\u00f6d av naturligt glutenfria r\u00e5varor. De \u00e4r \u00e4ven mj\u00f6lkfria. Glutenfritt solros-fruktbr\u00f6d Glutenfritt fruktn\u00f6tbr\u00f6d Andra glutenfria br\u00f6d<\/p>\n","protected":false},"author":1,"featured_media":0,"parent":0,"menu_order":0,"comment_status":"closed","ping_status":"closed","template":"","meta":{"footnotes":""},"class_list":["post-11","page","type-page","status-publish","hentry"],"_links":{"self":[{"href":"https:\/\/hudikbrod.se\/index.php?rest_route=\/wp\/v2\/pages\/11","targetHints":{"allow":["GET"]}}],"collection":[{"href":"https:\/\/hudikbrod.se\/index.php?rest_route=\/wp\/v2\/pages"}],"about":[{"href":"https:\/\/hudikbrod.se\/index.php?rest_route=\/wp\/v2\/types\/page"}],"author":[{"embeddable":true,"href":"https:\/\/hudikbrod.se\/index.php?rest_route=\/wp\/v2\/users\/1"}],"replies":[{"embeddable":true,"href":"https:\/\/hudikbrod.se\/index.php?rest_route=%2Fwp%2Fv2%2Fcomments&post=11"}],"version-history":[{"count":116,"href":"https:\/\/hudikbrod.se\/index.php?rest_route=\/wp\/v2\/pages\/11\/revisions"}],"predecessor-version":[{"id":1729,"href":"https:\/\/hudikbrod.se\/index.php?rest_route=\/wp\/v2\/pages\/11\/revisions\/1729"}],"wp:attachment":[{"href":"https:\/\/hudikbrod.se\/index.php?rest_route=%2Fwp%2Fv2%2Fmedia&parent=11"}],"curies":[{"name":"wp","href":"https:\/\/api.w.org\/{rel}","templated":true}]}}